4787?
8
What is the millions digit of 6010086?
6
What is the thousands digit of 31333293?
3
What is the millions digit of 455757716?
5
What is the units digit of 64505501?
1
What is the hundred thousands digit of 15120104?
1
What is the ten thousands digit of 758658519?
5
What is the ten thousands digit of 109632884?
3
What is the tens digit of 162244369?
6
What is the hundred thousands digit of 56843059?
8
What is the thousands digit of 1211509955?
9
What is the ten thousands digit of 2200425871?
2
What is the ten thousands digit of 146954518?
5
What is the millions digit of 972843942?
2
What is the ten thousands digit of 32171137?
7
What is the hundred thousands digit of 428389743?
3
What is the ten thousands digit of 1710514166?
1
What is the hundreds digit of 2293091540?
5
What is the ten thousands digit of 1097762882?
6
What is the ten millions digit of 1264004112?
6
What is the thousands digit of 91691491?
1
What is the ten millions digit of 28802179?
2
What is the millions digit of 59824337?
9
What is the millions digit of 16659662?
6
What is the units digit of 125775637?
7
What is the thousands digit of 5119865?
9
What is the ten thousands digit of 256685071?
8
What is the ten thousands digit of 4081116725?
1
What is the millions digit of 1687253045?
7
What is the tens digit of 296426295?
9
What is the units digit of 81144357?
7
What is the tens digit of 122865752?
5
What is the hundred thousands digit of 77056216?
0
What is the tens digit of 187173406?
0
What is the hundred millions digit of 100615288?
1
What is the ten millions digit of 6554742398?
5
What is the units digit of 80948190?
0
What is the units digit of 1171765853?
3
What is the hundreds digit of 311944017?
0
What is the tens digit of 212463756?
5
What is the tens digit of 6771005?
0
What is the ten millions digit of 178343524?
7
What is the units digit of 309116664?
4
What is the hundred thousands digit of 343181467?
1
What is the units digit of 28633568?
8
What is the hundreds digit of 18092086?
0
What is the tens digit of 83597528?
2
What is the tens digit of 212661918?
1
What is the hundred thousands digit of 16855174?
8
What is the ten millions digit of 1142496619?
4
What is the millions digit of 862428610?
2
What is the ten millions digit of 62746833?
6
What is the hundreds digit of 742168179?
1
What is the thousands digit of 173524413?
4
What is the tens digit of 107050299?
9
What is the tens digit of 3862636?
3
What is the ten millions digit of 818761798?
1
What is the hundreds digit of 187501174?
1
What is the hundred thousands digit of 51112411?
1
What is the units digit of 146366147?
7
What is the ten millions digit of 1226477575?
2
What is the ten thousands digit of 192431453?
3
What is the ten thousands digit of 4320468757?
6
What is the ten millions digit of 1013120802?
1
What is the hundreds digit of 262347345?
3
What is the millions digit of 6095633491?
5
What is the units digit of 196713435?
5
What is the hundred millions digit of 504962003?
5
What is the tens digit of 27306748?
4
What is the tens digit of 357400076?
7
What is the units digit of 49636846?
6
What is the hundred thousands digit of 2185977?
1
What is the units digit of 33790777?
7
What is the hundreds digit of 4398823786?
7
What is the thousands digit of 68087060?
7
What is the tens digit of 1096807376?
7
What is the millions digit of 64850275?
4
What is the hundred thousands digit of 55382064?
3
What is the millions digit of 547180747?
7
What is the units digit of 100779662?
2
What is the ten millions digit of 11096995?
1
What is the ten millions digit of 4258938069?
5
What is the millions digit of 104229980?
4
What is the hundred millions digit of 526149656?
5
What is the units digit of 1073397435?
5
What is the tens digit of 6693853?
5
What is the thousands digit of 575260543?
0
What is the units digit of 114382389?
9
What is the ten millions digit of 813216745?
1
What is the ten millions digit of 173839541?
7
What is the ten thousands digit of 60660679?
6
What is the ten thousands digit of 5813712?
1
What is the thousands digit of 267588043?
8
What is the units digit of 516342893?
3
What is the millions digit of 84744498?
4
What is the hundred thousands digit of 5526604334?
6
What is the units digit of 1920809552?
2
What is the billions digit of 2689454904?
2
What is the tens digit of 48784205?
0
What is the hundreds digit of 22952752?
7
What is the thousands digit of 384219453?
9
What is the hundreds digit of 59760050?
0
What is the thousands digit of 826480952?
0
What is the hundreds digit of 1491366727?
7
What is the units digit of 728870162?
2
What is the ten thousands digit of 2384664876?
6
What is the hundreds digit of 3051722272?
2
What is the hundreds digit of 847174714?
7
What is the hundreds digit of 7490697689?
6
What is the hundreds digit of 2296539174?
1
What is the ten millions digit of 591027058?
9
What is the units digit of 3823147?
7
What is the millions digit of 45062900?
5
What is the tens digit of 58897141?
4
What is the ten millions digit of 157457777?
5
What is the hundreds digit of 441908416?
4
What is the hundred thousands digit of 3827857149?
8
What is the millions digit of 189717367?
9
What is the hundred thousands digit of 1772312286?
3
What is the ten thousands digit of 180876420?
7
What is the hundred thousands digit of 60644465?
6
What is the hundreds digit of 41788966?
9
What is the ten thousands digit of 260743589?
4
What is the thousands digit of 337561685?
1
What is the ten millions digit of 1525400592?
2
What is the hundreds digit of 435332521?
5
What is the hundred thousands digit of 127955777?
9
What is the hundreds digit of 98956338?
3
What is the hundred millions digit of 193809963?
1
What is the ten millions digit of 69213769?
6
What is the millions digit of 189857359?
9
What is the units digit of 5442100?
0
What is the hundreds digit of 104630533?
5
What is the hundred millions digit of 3146515785?
1
What is the hundreds digit of 201126552?
5
What is the tens digit of 889542283?
8
What is the thousands digit of 39773104?
3
What is the ten thousands digit of 100124587?
2
What is the units digit of 216329399?
9
What is the hundreds digit of 227449731?
7
What is the hundreds digit of 113626652?
6
What is the millions digit of 240108609?
0
What is the ten millions digit of 1004944833?
0
What is the tens digit of 5808707157?
5
What is the units digit of 73005153?
3
What is the thousands digit of 89380459?
0
What is the hundred thousands digit of 63125138?
1
What is the units digit of 137387670?
0
What is the millions digit of 41456793?
1
What is the units digit of 43619654?
4
What is the hundred millions digit of 9530752338?
5
What is the ten thousands digit of 81767324?
6
What is the thousands digit of 5468207?
8
What is the thousands digit of 2247589387?
9
What is the hundred thousands digit of 307862779?
8
What is the ten millions digit of 34090460?
3
What is the hundred millions digit of 1900350910?
9
What is the hundreds digit of 621707031?
0
What is the units digit of 56871443?
3
What is the ten thousands digit of 50915060?
1
What is the tens digit of 3898301380?
8
What is the tens digit of 1953167929?
2
What is the hundred thousands digit of 85725557?
7
What is the ten millions digit of 3044873225?
4
What is the thousands digit of 2904985535?
5
What is the units digit of 4142436521?
1
What is the hundreds digit of 15929656?
6
What is the ten millions digit of 525532980?
2
What is the units digit of 4132173762?
2
What is the hundred millions digit of 2035562591?
0
What is the units digit of 198514110?
0
What is the ten millions digit of 411387744?
1
What is the tens digit of 25708255?
5
What is the hundred millions digit of 2893327797?
8
What is the units digit of 613075999?
9
What is the hundred millions digit of 192382213?
1
What is the thousands digit of 88280629?
0
What is the hundreds digit of 53081872?
8
What is the millions digit of 199800024?
9
What is the thousands digit of 6661018?
1
What is the ten thousands digit of 75345814?
4
What is the thousands digit of 440100244?
0
What is the tens digit of 149836762?
6
What is the ten thousands digit of 12269998?
6
What is the ten millions digit of 7487913078?
8
What is the hundred million